{"id":10,"date":"2019-07-05T10:02:41","date_gmt":"2019-07-05T08:02:41","guid":{"rendered":"http:\/\/klubycherubinek.bckompleks.eu\/?page_id=10"},"modified":"2019-07-05T11:28:54","modified_gmt":"2019-07-05T09:28:54","slug":"o-nas","status":"publish","type":"page","link":"http:\/\/klubycherubinek.bckompleks.eu\/index.php\/o-nas\/","title":{"rendered":"Cele i za\u0142o\u017cenia"},"content":{"rendered":"<div>\n<div class=\"nH\">\n<div class=\"nH\">\n<div class=\"nH bkL\">\n<div class=\"no\">\n<div class=\"nH bkK nn\">\n<div class=\"nH\">\n<div class=\"nH\">\n<div class=\"nH ar4 z\">\n<div class=\"aeI\">\n<div class=\"AO\">\n<div id=\":3\" class=\"Tm aeJ\">\n<div id=\":1\" class=\"aeF\">\n<div class=\"nH\">\n<div class=\"nH\" role=\"main\">\n<div class=\"nH g\">\n<table class=\"Bs nH iY bAt\" role=\"presentation\" cellpadding=\"0\">\n<tbody>\n<tr>\n<td class=\"Bu bAn\">\n<div class=\"nH if\">\n<div class=\"nH aHU\">\n<div class=\"nH hx\">\n<div class=\"nH\" role=\"list\">\n<div class=\"h7 ie nH oy8Mbf\" tabindex=\"-1\" role=\"listitem\">\n<div class=\"Bk\">\n<div class=\"G3 G2\">\n<div>\n<div id=\":nl\">\n<div class=\"adn ads\" data-legacy-message-id=\"16bb346f68b7fca5\" data-message-id=\"#msg-f:1637960542582209701\">\n<div class=\"gs\">\n<div>\n<div id=\":n5\" class=\"ii gt\">\n<div id=\":nh\" class=\"a3s aXjCH \">\n<div>1. Projekt skierowany jest do 24 os\u00f3b\u00a0 (rodzic\u00f3w i pe\u0142noprawnych opiekun\u00f3w) zainteresowanych powrotem lub wej\u015bciem na rynek pracy po przerwie zwi\u0105zanej z urodzeniem lub opiek\u0105 nad dzieckiem do lat 3, z obszaru gmin Lublin i powiatu lubelskiego wojew\u00f3dztwa lubelskiego w rozumieniu Kodeksu Cywilnego.<\/div>\n<div>\u00a0<\/div>\n<div>2. Wsparcie udzielane w ramach projektu, z zakresu opieki nad dzie\u0107mi do lat 3, b\u0119dzie skierowane do:<\/div>\n<div style=\"padding-left: 40px;\">a) os\u00f3b bezrobotnych lub os\u00f3b biernych zawodowo pozostaj\u0105cych poza rynkiem pracy ze wzgl\u0119du na obowi\u0105zek opieki nad dzie\u0107mi do lat 3, w tym do os\u00f3b, kt\u00f3re przerwa\u0142y karier\u0119 zawodow\u0105 ze wzgl\u0119du na urodzenie dziecka lub przebywaj\u0105cych na urlopie wychowawczym w rozumieniu ustawy z dnia 26 czerwca 1974 r &#8211; Kodeks pracy;<\/div>\n<div style=\"padding-left: 40px;\">b) os\u00f3b pracuj\u0105cych opiekuj\u0105cych si\u0119 dzieckiem do lat 3, b\u0119d\u0105cych w trakcie przerwy zwi\u0105zanej z urodzeniem lub wychowaniem dziecka i przebywaj\u0105cych na urlopie macierzy\u0144skim lub rodzicielskim w rozumieniu ustawy z dnia 26 czerwca 1974 r. \u2013 Kodeks pracy.<\/div>\n<div>\u00a0<\/div>\n<div>3. Celem g\u0142\u00f3wnym projektu jest poprawa dost\u0119pu do zatrudnienia u 24 os\u00f3b opiekuj\u0105cych si\u0119 dzie\u0107mi do 3 lat z terenu woj. lubelskiego\u00a0 poprzez realizacj\u0119 programu profesjonalnej opieki dla 24 dzieci w wieku do 3 lat w 3 Klubach Dzieci\u0119cych, kt\u00f3re zostan\u0105 utworzone,\u00a0 w okresie do 31.10.2020r.<\/div>\n<div>\u00a0<\/div>\n<div>4. W ramach projektu realizowane s\u0105 nast\u0119puj\u0105ce zadania:<\/div>\n<div style=\"padding-left: 40px;\">a) Stworzenie Klubu Dzieci\u0119cego gm. Lublin -realizacja zaj\u0119\u0107 edukacyjno-wychowawczych dla 8 dzieci do lat 3,<\/div>\n<div style=\"padding-left: 40px;\">b) Stworzenie Klubu Dzieci\u0119cego gm. Garb\u00f3w -realizacja zaj\u0119\u0107 edukacyjno-wychowawczych dla 8 dzieci do lat 3,<\/div>\n<div style=\"padding-left: 40px;\">c) Stworzenie Klubu Dzieci\u0119cego gm. Niemce\u00a0 -realizacja zaj\u0119\u0107 edukacyjno-wychowawczych dla 8 dzieci do lat 3.<\/div>\n<\/div>\n<\/div>\n<\/div>\n<\/div>\n<\/div>\n<\/div>\n<\/div>\n<\/div>\n<\/div>\n<\/div>\n<\/div>\n<\/div>\n<\/div>\n<\/div>\n<\/td>\n<\/tr>\n<\/tbody>\n<\/table>\n<\/div>\n<\/div>\n<\/div>\n<\/div>\n<\/div>\n<\/div>\n<\/div>\n<\/div>\n<\/div>\n<\/div>\n<\/div>\n<\/div>\n<\/div>\n<\/div>\n<\/div>\n<\/div>\n\n\n<p><\/p>\n","protected":false},"excerpt":{"rendered":"<p>1. Projekt skierowany jest do 24 os\u00f3b\u00a0 (rodzic\u00f3w i pe\u0142noprawnych opiekun\u00f3w) zainteresowanych powrotem lub wej\u015bciem na rynek pracy po przerwie zwi\u0105zanej z urodzeniem lub opiek\u0105 nad dzieckiem do lat 3, z obszaru gmin Lublin i powiatu lubelskiego wojew\u00f3dztwa lubelskiego w rozumieniu Kodeksu Cywilnego. \u00a0 2. Wsparcie udzielane w ramach projektu, z zakresu opieki nad dzie\u0107mi &hellip; <\/p>\n<p class=\"link-more\"><a href=\"http:\/\/klubycherubinek.bckompleks.eu\/index.php\/o-nas\/\" class=\"more-link\">Czytaj dalej<span class=\"screen-reader-text\"> Cele i za\u0142o\u017cenia<\/span><\/a><\/p>\n","protected":false},"author":1,"featured_media":0,"parent":0,"menu_order":0,"comment_status":"closed","ping_status":"closed","template":"","meta":[],"_links":{"self":[{"href":"http:\/\/klubycherubinek.bckompleks.eu\/index.php\/wp-json\/wp\/v2\/pages\/10"}],"collection":[{"href":"http:\/\/klubycherubinek.bckompleks.eu\/index.php\/wp-json\/wp\/v2\/pages"}],"about":[{"href":"http:\/\/klubycherubinek.bckompleks.eu\/index.php\/wp-json\/wp\/v2\/types\/page"}],"author":[{"embeddable":true,"href":"http:\/\/klubycherubinek.bckompleks.eu\/index.php\/wp-json\/wp\/v2\/users\/1"}],"replies":[{"embeddable":true,"href":"http:\/\/klubycherubinek.bckompleks.eu\/index.php\/wp-json\/wp\/v2\/comments?post=10"}],"version-history":[{"count":5,"href":"http:\/\/klubycherubinek.bckompleks.eu\/index.php\/wp-json\/wp\/v2\/pages\/10\/revisions"}],"predecessor-version":[{"id":64,"href":"http:\/\/klubycherubinek.bckompleks.eu\/index.php\/wp-json\/wp\/v2\/pages\/10\/revisions\/64"}],"wp:attachment":[{"href":"http:\/\/klubycherubinek.bckompleks.eu\/index.php\/wp-json\/wp\/v2\/media?parent=10"}],"curies":[{"name":"wp","href":"https:\/\/api.w.org\/{rel}","templated":true}]}}